86 and 3717.
59
What is the highest common factor of 6390 and 160?
10
What is the greatest common divisor of 475 and 320435?
95
Calculate the greatest common factor of 207 and 9453.
69
Calculate the highest common divisor of 2513 and 36977.
359
What is the greatest common factor of 3315 and 50490?
255
What is the highest common divisor of 42536 and 1508?
52
Calculate the greatest common divisor of 118 and 39825.
59
What is the highest common factor of 85833 and 19737?
459
Calculate the greatest common divisor of 261585 and 30.
15
What is the greatest common divisor of 1480251 and 354?
177
What is the highest common factor of 2032 and 44196?
508
What is the greatest common divisor of 9401 and 8295?
553
Calculate the highest common factor of 2805 and 12375.
165
What is the highest common divisor of 68 and 97070?
34
What is the greatest common divisor of 812 and 282808?
116
Calculate the greatest common factor of 379 and 3256747.
379
What is the highest common divisor of 6000 and 370500?
1500
Calculate the greatest common divisor of 85965 and 220.
55
What is the greatest common factor of 150 and 274475?
25
What is the greatest common divisor of 341463 and 258?
129
Calculate the highest common factor of 117 and 48897.
9
What is the greatest common divisor of 6087838 and 2118?
706
Calculate the greatest common factor of 100 and 352900.
100
What is the highest common factor of 426 and 409?
1
Calculate the greatest common divisor of 85 and 4005.
5
What is the highest common divisor of 418 and 6578?
22
Calculate the greatest common divisor of 646 and 9792.
34
What is the greatest common divisor of 22988 and 21?
7
What is the greatest common divisor of 92792 and 504?
56
Calculate the highest common divisor of 35827 and 44.
11
Calculate the greatest common divisor of 420 and 1109136.
84
Calculate the highest common divisor of 1160 and 5365.
145
What is the greatest common divisor of 7719 and 25203?
93
Calculate the highest common factor of 1472 and 3456.
64
Calculate the greatest common factor of 1121 and 79515.
19
What is the greatest common divisor of 94572 and 27639?
333
What is the greatest common divisor of 19669 and 208?
13
What is the greatest common factor of 7343 and 3136?
7
What is the highest common divisor of 52 and 17396?
4
What is the highest common divisor of 27904 and 364496?
1744
What is the greatest common factor of 16650 and 306?
18
Calculate the greatest common divisor of 7533 and 1341.
9
What is the greatest common factor of 751875 and 75?
75
Calculate the highest common divisor of 601051 and 18887.
1111
Calculate the greatest common divisor of 8 and 3796.
4
What is the highest common divisor of 6903 and 8671?
13
Calculate the highest common divisor of 18312 and 776.
8
Calculate the greatest common factor of 2979921 and 287.
287
Calculate the highest common divisor of 4402 and 63178.
62
What is the highest common divisor of 986871 and 303?
303
What is the greatest common divisor of 130609 and 211?
211
Calculate the greatest common divisor of 1670580 and 1440.
180
What is the highest common divisor of 483 and 28083?
69
Calculate the greatest common factor of 31148 and 5473.
13
Calculate the greatest common factor of 621 and 1329.
3
Calculate the greatest common factor of 12939 and 114.
57
What is the highest common divisor of 2769 and 156?
39
Calculate the highest common factor of 127557 and 153.
9
What is the highest common divisor of 36 and 52?
4
Calculate the highest common divisor of 448 and 700.
28
Calculate the highest common divisor of 35042 and 434.
14
Calculate the greatest common divisor of 756 and 24528.
84
What is the greatest common factor of 48 and 696?
24
What is the highest common divisor of 2772 and 645624?
252
Calculate the greatest common factor of 3 and 205869.
3
Calculate the greatest common factor of 33 and 2393754.
33
Calculate the highest common factor of 283262 and 70.
14
What is the greatest common factor of 351 and 3003?
39
What is the highest common divisor of 29690 and 570?
10
What is the highest common divisor of 35139 and 240461?
689
What is the greatest common factor of 28709 and 95?
19
What is the highest common divisor of 318075 and 1050?
75
Calculate the greatest common factor of 2094 and 899373.
1047
What is the greatest common factor of 391058 and 246?
82
What is the highest common divisor of 9727 and 781?
71
What is the greatest common factor of 42268 and 4?
4
What is the highest common factor of 2780 and 1220?
20
What is the greatest common divisor of 24057 and 19899?
297
What is the highest common factor of 399 and 103056?
57
What is the greatest common divisor of 807 and 17373903?
807
Calculate the greatest common divisor of 4404 and 300.
12
What is the highest common factor of 7779984 and 48?
48
Calculate the highest common divisor of 57852 and 84.
12
Calculate the highest common divisor of 665225 and 275.
275
What is the greatest common divisor of 1414 and 3031?
7
Calculate the greatest common factor of 114 and 15523.
19
What is the greatest common divisor of 196 and 172228?
28
What is the greatest common divisor of 139611 and 1557?
519
What is the highest common factor of 32 and 20432?
16
What is the highest common factor of 14904 and 4002?
138
Calculate the highest common divisor of 492 and 101393.
41
Calculate the greatest common factor of 2531034 and 216.
54
Calculate the highest common factor of 1716 and 738452.
572
What is the highest common divisor of 55992 and 264?
24
Calculate the greatest common divisor of 455 and 60151.
91
What is the greatest common divisor of 67555 and 3893?
229
Calculate the greatest common divisor of 585 and 264225.
195
Calculate the highest common divisor of 215816 and 136.
8
What is the greatest common divisor of 457340 and 1040?
260
Calculate the highest common divisor of 30 and 188382.
6
Calculate the greatest common divisor of 10636 and 28.
4
What is the greatest common factor of 1218 and 315810?
174
Calculate the highest common factor of 260429 and 134.
67
What is the highest common divisor of 14622 and 27?
3
What is the greatest common factor of 79 and 11929?
79
What is the greatest common divisor of 32435 and 52?
13
Calculate the highest common divisor of 151 and 202340.
151
What is the highest common divisor of 920 and 443210?
230
Calculate the highest common divisor of 14276 and 4482.
166
Calculate the greatest common divisor of 146731 and 13.
13
Calculate the highest common factor of 304571 and 515.
103
Calculate the highest common divisor of 1759848 and 192.
24
What is the highest common factor of 1166 and 1523962?
1166
What is the highest common divisor of 64758 and 471378?
1506
What is the greatest common factor of 1504 and 2608?
16
What is the greatest common factor of 1899 and 88620?
633
What is the highest common divisor of 297 and 999?
27
What is the highest common divisor of 106767 and 45?
9
What is the greatest common divisor of 7 and 1041453?
7
What is the greatest common divisor of 16 and 47756?
4
What is the greatest common factor of 93960 and 253530?
810
Calculate the greatest common divisor of 299 and 1403.
23
What is the highest common divisor of 215 and 9073?
43
Calculate the greatest common factor of 110 and 100820.
10
What is the highest common divisor of 1134 and 66?
6
What is the greatest common factor of 45297 and 693?
63
Calculate the highest common factor of 1048 and 54256.
8
Calculate the highest common factor of 151024 and 1136.
16
Calculate the highest common divisor of 201732 and 228.
12
What is the highest common factor of 256 and 9472?
256
What is the greatest common factor of 351 and 2466477?
351
Calculate the highest common divisor of 2108696 and 152.
152
Calculate the greatest common factor of 3 and 6624.
3
Calculate the greatest common factor of 3140 and 1148455.
785
Calculate the greatest common divisor of 7785 and 1278297.
1557
What is the greatest common divisor of 261 and 263088?
261
What is the greatest common factor of 24586 and 266?
38
Calculate the greatest common factor of 1122151 and 2327.
179
What is the greatest common divisor of 328 and 448376?
328
Calculate the greatest common divisor of 11441 and 17.
17
Calculate the greatest common factor of 273 and 73489.
13
What is the greatest common factor of